2 + -201?
-203
In base 6, what is 201 - 0?
201
In base 7, what is -11 - 30?
-41
In base 2, what is -1111 - 1010010?
-1100001
In base 9, what is -4 + -2085?
-2100
In base 9, what is 1 - -65?
66
In base 6, what is 55 + -1?
54
In base 5, what is 13401 - -20?
13421
In base 5, what is -3 - -32?
24
In base 8, what is -22466 + 3?
-22463
In base 9, what is -2 + 21?
18
In base 9, what is -12 - 15?
-27
In base 15, what is 0 - 1?
-1
In base 10, what is -19 + 1?
-18
In base 6, what is 25 + 25?
54
In base 8, what is -5 - -532?
525
In base 7, what is 462 + 0?
462
In base 7, what is -56 + -2?
-61
In base 7, what is 32 - 0?
32
In base 15, what is -691 - 0?
-691
In base 11, what is a - -2?
11
In base 4, what is -2 + 323?
321
In base 2, what is -1101000001010 + -101?
-1101000001111
In base 10, what is 628 - -2?
630
In base 13, what is -2 - -1a39?
1a37
In base 7, what is 154 + -251?
-64
In base 6, what is -402 - 31?
-433
In base 3, what is 12 - -201?
220
In base 9, what is -2 - 6051?
-6053
In base 3, what is -12 + -2112?
-2201
In base 15, what is -5 + 16e?
169
In base 13, what is 1b0b - 0?
1b0b
In base 15, what is -7 + 73?
6b
In base 16, what is -ec + -9?
-f5
In base 16, what is 1f30 - -4?
1f34
In base 12, what is 139 + b?
148
In base 8, what is -1 - -6?
5
In base 13, what is -4 - -22?
1b
In base 4, what is -100211 - 0?
-100211
In base 11, what is -10 - -5?
-6
In base 14, what is -2401 + -2?
-2403
In base 5, what is -1134 + 12?
-1122
In base 12, what is 65 - -16?
7b
In base 9, what is -8234 + -3?
-8237
In base 16, what is d0 - -9?
d9
In base 13, what is -26 + 10?
-16
In base 11, what is 2 - -72?
74
In base 10, what is -4 + -135?
-139
In base 7, what is 16 + -14?
2
In base 12, what is b0 + -4?
a8
In base 6, what is 1112 + -12?
1100
In base 9, what is 4 - 460?
-455
In base 15, what is 5a07 - 4?
5a03
In base 9, what is -16 - -114?
87
In base 2, what is 11 + 111001?
111100
In base 13, what is 60 + 18?
78
In base 14, what is -166 - -1?
-165
In base 11, what is -2 - -456?
454
In base 16, what is -1 + 8d?
8c
In base 5, what is 2013 + -3?
2010
In base 13, what is -1c6 + 2?
-1c4
In base 15, what is 9 - -4d?
57
In base 12, what is -2b + 131?
102
In base 5, what is -3 + -131?
-134
In base 5, what is 31 - -32?
113
In base 14, what is -4 + b3?
ad
In base 7, what is 160226 - 3?
160223
In base 5, what is -20 - 3?
-23
In base 14, what is -b + 1c2?
1b5
In base 14, what is -3 - 82?
-85
In base 9, what is 1177 - -2?
1180
In base 11, what is 97 - -7?
a3
In base 10, what is -680 + 1?
-679
In base 2, what is -101 - 1110001001101?
-1110001010010
In base 4, what is -23 - -220?
131
In base 2, what is 101111 - -10001100?
10111011
In base 13, what is 38 - 5?
33
In base 2, what is -1001 + -1111010100?
-1111011101
In base 9, what is -7 - -51?
43
In base 16, what is 2d + -a2?
-75
In base 5, what is -4 - -32?
23
In base 5, what is 1 - -43034?
43040
In base 10, what is -3 - -121?
118
In base 3, what is -110 + 2201?
2021
In base 12, what is -60 + 4?
-58
In base 4, what is -1010 - -13323?
12313
In base 7, what is 3 - 55?
-52
In base 7, what is -41 + 14?
-24
In base 6, what is 40 - -524?
1004
In base 6, what is 1554 - -11?
2005
In base 2, what is -11001 + 100?
-10101
In base 3, what is 22 - -2200?
2222
In base 16, what is 4 - -3ca?
3ce
In base 13, what is -43 + -3c?
-82
In base 13, what is -30 + 24?
-9
In base 4, what is -3131 - 3?
-3200
In base 2, what is -10101000 - -10?
-10100110
In base 2, what is 11111111 - -10000?
100001111
In base 15, what is 3d + -3?
3a
In base 10, what is 654 + 1?
655
In base 6, what is 14432 + -4?
14424
In base 13, what is 0 - -13c?
13c
In base 9, what is -1 - -67?
66
In base 7, what is 0 + 11644?
11644
In base 15, what is -7 + -55?
-5c
In base 12, what is 62b - 1?
62a
In base 7, what is 4 + -163?
-156
In base 9, what is -1 - 7?
-8
In base 3, what is -22120210 - 10?
-22120220
In base 12, what is 5821 - 3?
581a
In base 10, what is -13 + 148?
135
In base 15, what is -9 + 15?
b
In base 6, what is -4 + 1012?
1004
In base 13, what is -2 + bc?
ba
In base 11, what is 9 - -1?
a
In base 4, what is 200 + -103?
31
In base 13, what is 74 + 1?
75
In base 6, what is 3 - 112?
-105
In base 9, what is 51 - -2?
53
In base 8, what is 0 - 1?
-1
In base 10, what is -84 - 0?
-84
In base 7, what is -3 - 1140?
-1143
In base 2, what is 100 + 10111?
11011
In base 7, what is -40 + 2?
-35
In base 9, what is 0 - 77?
-77
In base 14, what is 285 - -15?
29a
In base 16, what is -1 - 3?
-4
In base 2, what is 1 - 1110000?
-1101111
In base 12, what is -413 - 22?
-435
In base 14, what is -5 + -15?
-1a
In base 5, what is -3303 + -1?
-3304
In base 16, what is 3 - 59f?
-59c
In base 12, what is 729 + 1?
72a
In base 11, what is 1 + 97?
98
In base 7, what is -66 - -10?
-56
In base 3, what is 10 + 102001?
102011
In base 11, what is 4 - -140?
144
In base 16, what is d7 + 15?
ec
In base 14, what is -2286 + 4?
-2282
In base 13, what is 3 - -26?
29
In base 15, what is -478 + 5?
-473
In base 16, what is 72 - -62?
d4
In base 7, what is 3 - 2115?
-2112
In base 5, what is -10 - 13231?
-13241
In base 12, what is 1181 + 6?
1187
In base 8, what is 2533 - -6?
2541
In base 11, what is 3 - 66?
-63
In base 11, what is -5177 - -3?
-5174
In base 11, what is -4 - 8?
-11
In base 7, what is 211 - -12?
223
In base 13, what is 4c - -1?
50
In base 10, what is -2 - 831?
-833
In base 15, what is 4 - -254?
258
In base 8, what is -5 + -660?
-665
In base 4, what is 2 + 3133?
3201
In base 16, what is -f - -266?
257
In base 2, what is -100 - -100001100011?
100001011111
In base 2, what is -1001001111 - 1?
-1001010000
In base 14, what is -13 - 1?
-14
In base 7, what is 0 - -2101?
2101
In base 7, what is -10 + -131?
-141
In base 7, what is 51026 - 5?
51021
In base 3, what is 111022 - -200?
111222
In base 3, what is -111100121 + 12?
-111100102
In base 3, what is -2 + -1012?
-1021
In base 8, what is -10 + -540?
-550
In base 8, what is -1527 + -11?
-1540
In base 2, what is 111 + 1110010?
1111001
In base 12, what is -151 - 34?
-185
In base 9, what is -73 + -82?
-165
In base 3, what is 1021 + 11?
1102
In base 4, what is -3222 + 200?
-3022
In base 4, what is 2 + -330?
-322
In base 12, what is 39 + a?
47
In base 3, what is -102 + -1112210?
-1120012
In base 3, what is 21000101 + 2?
21000110
In base 8, what is 0 + -147?
-147
In base 5, what is -1 - 10023?
-10024
In base 12, what is -81 - 27?
-a8
In base 16, what is 6 + -15c7?
-15c1
In base 16, what is 0 + -16f?
-16f
In base 9, what is -115 + 6?
-108
In base 2, what is -111 + 1001101?
1000110
In base 16, what is 203 - -4?
207
In base 11, what is -a33 + -4?
-a37
In base 9, what is -2 - -72?
70
In base 8, what is -13 - 65?
-100
In base 2, what is 1110 - -11001000?
11010110
In base 14, what is -4 + -246?
-24a
In base 15, what is 1a4 + -4?
1a0
In base 3, what is -1 - -10021000?
10020222
In base 13, what is 1 - 376?
-375
In base 5, what is -234 + -121?
-410
In base 7, what is 0 + 340?
340
In base 14, what is 3d - 4?
39
In base 16, what is 7f + c?
8b
In base 4, what is 23300 - -12?
23312
In base 2, what is -111101 + 0?
-111101
In base 4, what is 33133 + 3?
33202
In base 11, what is 63 + 1?
64
In base 3, what is 1220000 + 100?
1220100
In base 10, what is 9 - 2791?
-2782
In base 9, what is -6 + -44?
-51
In base 14, what is 0 + 14d?
14d
In base 6, what is 2 - -50442?
50444
In base 14, what is -241 + 14?
-22b
In base 12, what is 2 - 64?
-62
In base 16, what is 9 - 6e?
-65
In base 10, what is -14 + -7?
-21
In base 16, what is 13f + -3?
13c
In base 9, what is -4 + -63?
-67
In base 12, what is 3 - -4?
7
In base 8, what is -67 - 0?
-67
In base 16, what is 4f4 - -4?
4f8
In base 8, what is 2 + -22?
-20
In base 4, what is 2 + -1003003?
-1003001
In base 2, what is -11 - -100110?
100011
In base 5, what is 0 - -2404?
2404
In base 7, what is -15262 + 3?
-15256
In base 10, what is 18783 + -4?
18779
In base 14, what is -111c + 3?
-1119
In base 10, what is 0 - 153?
-153
In base 13, what is -2 - 840?
-842
In base 10, what is -6 - 2?
-8
In base 5, what is 10 + 1244?
1304
In base 5, what is -10 + 1431?
1421
In base 4, what is -3 + 1133?
1130
In base 9, what is -10 + -31?
-41
In base 4, what is 23021 + -13?
23002
In base 6, what is -3334 - 0?
-3334
In base 12, what is 2 + -51?
-4b
In base 13, what is -1 - 941?
-942
In base 15, 